 - 0 + a. Let z be p*3*(-104)/(-20). What is the greatest common divisor of 52 and z?
26
Suppose -6 = -a + 78. Calculate the highest common factor of a and 140.
28
Let o = 4302 + -4257. Let u(x) = 76*x**2 - 2*x + 1. Let z be u(1). What is the highest common divisor of z and o?
15
Let r = 1638 - 364. Calculate the highest common divisor of r and 26.
26
Let s be (0 + -7)/((-7)/(-49)). Let t = -16 - s. What is the greatest common factor of t and 6?
3
Let n(o) = o**3 - 33*o**2 - 30*o - 34. Let k be n(34). What is the highest common factor of k and 170?
34
Suppose 70356 = -36*l + 62*l. What is the greatest common factor of l and 66?
66
Let f = 30 - 26. Suppose y - 6*y + 23 = f*r, r - 4 = -y. Suppose 2*b + 16 = 44. Calculate the highest common factor of b and y.
7
Suppose -2 = 5*f - 27. What is the greatest common divisor of f and 4?
1
Let o be -21*((-8)/2 + 3). Let l = 105 - 55. Let c = 55 + l. Calculate the highest common divisor of o and c.
21
Let t be 1*((-8)/(-20))/((-2)/(-20)). Let m be 1/3 - (-19)/(-3). Let d = m + 12. Calculate the greatest common divisor of d and t.
2
Let h(d) = 84*d**2 + 25*d - 108. Let q be h(4). What is the highest common factor of q and 8?
8
Let g be -28*((-16)/(-24))/((-8)/6). Suppose 708 = 4*b - 4*l, 930 = 3*b + 2*b + 4*l. What is the greatest common factor of g and b?
14
Suppose 12 = b - 2. Let z be 6/42 - (-236)/b. Calculate the highest common divisor of 17 and z.
17
Suppose -2 = -2*s + 20. Let q be 0/((-3)/3) - -5. Suppose -3*r = -q*h - 107, 0 = -4*h + 32 - 12. What is the greatest common factor of s and r?
11
Let s = 88 + -69. Calculate the highest common divisor of s and 323.
19
Suppose 4*q = -n + 86 - 16, 3*q = 12. What is the greatest common divisor of n and 36?
18
Let j be 28/(-98) - 46/(-14). Suppose 2*m + 8 = 0, -j*s + 44 = -3*m - 13. Let f be (-2 - -32)/(1/4). Calculate the highest common divisor of s and f.
15
Suppose -2405 = -21*d + 8*d. Suppose -4*o + 4*r + 215 = -r, r = -3*o + d. Calculate the highest common factor of 24 and o.
12
Let o(p) = 2*p**2 - 14*p + 12. Let y be 17 + -4 - 3 - 1. Let i be o(y). What is the greatest common factor of 432 and i?
48
Let w = 35 - 29. Suppose 8 = 2*n - 74. Let z = n - -13. What is the greatest common factor of z and w?
6
Suppose -4*y + 5*p = -550, -110 - 318 = -3*y - 4*p. Let k = 25 - 11. What is the greatest common factor of k and y?
14
Let g = 12 - -10. Let o(f) = -19*f - 14. Let y(p) = p**3 + 8*p**2 - 10. Let w be y(-8). Let d be o(w). What is the greatest common divisor of d and g?
22
Let i = -966 + 1029. What is the highest common divisor of 7 and i?
7
Let i be 3/2 - 48/32. Let x = 19 - 13. Suppose i = -x*l + l + 180. What is the greatest common divisor of l and 24?
12
Let w be (-1 + (-1 - -1))*2. Let l be 5/(w*2/(-8)). What is the greatest common factor of 70 and l?
10
Let j be (-2)/(9/36*-2). Calculate the greatest common divisor of j and 560.
4
Let r be (-6)/(-10) - (-744)/60. What is the greatest common divisor of r and 13?
13
Suppose 243 - 96 = -3*l. Let h = 67 + l. Calculate the highest common divisor of 81 and h.
9
Suppose 0*m - 5*v - 8 = m, m = -4*v - 5. Suppose -4*n + 17 = -m. Let j be ((-3)/10*330/4)/((-2715)/7240). Calculate the greatest common factor of j and n.
6
Let c be (10/(-2))/(-5)*37. Suppose 6*q = c + 203. Calculate the highest common divisor of q and 100.
20
Let a(k) = -k**2 - 6*k + 7. Let t be a(-7). Suppose -u = 0, 3*b - u - 6 - 156 = t. Let o = 12 + -6. Calculate the highest common divisor of o and b.
6
Suppose 7*m - 53 - 1088 = 0. Suppose 3*y + 4*d = -25 + 116, 4*y - 3*d - m = 0. Calculate the greatest common divisor of 333 and y.
37
Let c(u) = u**3 - 25*u**2 + 62. Let w be c(26). Calculate the highest common factor of w and 18.
18
Suppose -6*t + 896 = 8*t. Calculate the greatest common divisor of t and 576.
64
Let h be (-34)/2*2/(-2). Let o = h - 17. Let c(a) = -a + 5. Let p be c(o). What is the greatest common factor of 40 and p?
5
Let c = -613 - -650. Calculate the highest common divisor of 111 and c.
37
Let z = -172 - -244. Let m(y) = 9*y. Let g be m(1). Calculate the highest common divisor of g and z.
9
Let y(j) = -4 - 2*j - 10 + 15*j. Let f be y(2). Calculate the greatest common divisor of f and 108.
12
Let p = 1614 + -1361. Calculate the highest common divisor of 92 and p.
23
Let j be ((-75)/(-75))/(-1*(-2)/30). What is the highest common divisor of j and 15?
15
Let j be 2/4*(1 + 1). Suppose -n + 7 - j = 0. Suppose 486 = n*b - 3*b. What is the highest common factor of 18 and b?
18
Let n(i) = -3*i + 3. Let a(r) = -3*r + 4. Let y(h) = -7*a(h) + 6*n(h). Let u be y(7). Let v = -104 - -148. What is the greatest common factor of u and v?
11
Let u be -15*(5 - (-185)/(-25)). Calculate the highest common divisor of u and 444.
12
Let g = 10 - 2. Suppose -4 - 4 = -2*x. Suppose 5*v - 131 = -4*d - 13, x*v = 5*d - 168. Calculate the greatest common factor of g and d.
8
Let h(y) = -y**3 + 9*y**2 - 5*y - 15. Suppose 0 = -5*k - 3*k + 64. Let z be h(k). What is the highest common divisor of 117 and z?
9
Let y be ((-5)/20)/((-91)/28 + 3). Calculate the greatest common factor of y and 13.
1
Let f be 2/((-4)/1) - (-294)/(-4). Let p = f + 83. What is the greatest common divisor of p and 63?
9
Let w = -7 - -10. Suppose 4*n + w = 4*a - 3*a, -2*a + 6 = -n. Suppose -a*b = -b - 26. What is the greatest common factor of b and 104?
13
Let l(o) = 38*o**2 - 2*o - 1. Let z be l(1). Calculate the highest common divisor of z and 280.
35
Suppose 3*i + 29 = 107. Suppose 34 + i = 5*x. Let k be (542/9 - (-2)/(-9))/(420/840). Calculate the greatest common factor of x and k.
12
Suppose -2*t - 156 = 11*t. Let c be (-6)/2 + (21 - t). What is the highest common divisor of 10 and c?
10
Suppose 2*c - 633 = 829. What is the greatest common factor of c and 17?
17
Suppose w = -2*b + 12, 0 = 5*b - 1 - 4. Let y be (8 - -2)*4/w. Let c be (y/10)/((-12)/(-2280)). What is the highest common divisor of c and 19?
19
Let z(o) = -5 - 14*o + 3 - o**2 + 3 - 7. Let k be z(-12). What is the highest common factor of k and 72?
18
Let x be (4/10)/(3/(-2550)). Let p be x/(-4) + (-6)/(-2). Suppose -5*r = 5*f - 0*r - 130, 3*f + 5*r - p = 0. Calculate the highest common factor of f and 3.
3
Let n = 141 + -105. What is the greatest common divisor of 72 and n?
36
Suppose 16 = -y + 3*y. Let a = 121 - 81. Calculate the greatest common divisor of a and y.
8
Let y = 16 - -12. Suppose q - y = -q. Let d = -17 + 87. What is the highest common divisor of q and d?
14
Suppose -3*z = -12, 2*z - 5*z + 52 = 4*f. Let g(p) = p**2 - 10*p + 1. Let j be g(6). Let c = j - -43. What is the highest common divisor of c and f?
10
Suppose 236 = -4*y - 160. Let v = y + 167. Calculate the highest common factor of v and 17.
17
Suppose 0 = 5*w + w. Suppose w*z = -2*z. Suppose -3*k + 7 - 1 = z. Calculate the highest common divisor of k and 4.
2
Suppose 0 = -47*n + 51*n - 640. Suppose 2*b = 4*b - n. What is the greatest common factor of 16 and b?
16
Let j(t) = t**3 - 22*t**2 + 20*t + 16. Let x be j(21). Let b be (x*(-7 - 0))/((-1)/(-6)). What is the highest common divisor of 42 and b?
42
Suppose -2*f + 3*f + 5*s + 9 = 0, -4*f = 2*s. Let o(v) = 3 + v**2 - f + 133*v - 134*v. Let z be o(6). What is the greatest common divisor of z and 48?
16
Let x(j) = j**2 + 15*j + 45. Let g be x(-14). What is the greatest common divisor of 31 and g?
31
Let u be (-3)/((-3)/10)*330/44. What is the highest common divisor of 25 and u?
25
Suppose -4*d = -d + 12. Let n be ((-21)/6 - -3)*d. Let g be 14 - (4 + (-4 - 2)). Calculate the highest common divisor of n and g.
2
Suppose 5*n - g = g + 44, 0 = 5*g + 10. Suppose n*f = 2*f + 48. Suppose 3*s + 4*x - 194 = 2*x, -2*x = -2. What is the greatest common factor of f and s?
8
Let k = 11 - -16. Let o = k - 20. What is the highest common divisor of o and 35?
7
Let j(l) = -l**2 + l + 8. Suppose -8 = 4*u - 8*u. Suppose -u*c = -0*c. Let g be j(c). Calculate the greatest common divisor of g and 8.
8
Let z(s) = 0 - 23*s**3 - 32*s + 19*s**2 - 2 + 22*s**3. Let d be z(17). Calculate the highest common divisor of 64 and d.
32
Let g = 1043 + -759. What is the greatest common divisor of 213 and g?
71
Let z = -7 + 7. Suppose z = n + 2*n - 12. Let c be (n/(-10))/(19/(-665)). Calculate the highest common divisor of 21 an